e 8*(-2)/5*-5. Suppose m - 6*m - 4*i + 49 = 0, 2*i + s = 2*m. What is the units digit of m?
9
Let k(g) = 2*g + 31. What is the units digit of k(18)?
7
Let b = 5 - -65. What is the tens digit of b?
7
Suppose 2*o - 2*g = 12, -5*g - 2 - 12 = -o. Suppose 4*a - 35 = 5*c, o*c = -c - 15. What is the units digit of a?
5
Suppose 4*v - 30 = 2*v. What is the units digit of 0 - v/6*-2?
5
Suppose 10 = 2*f + 3*f. Suppose 0 = -q + f*q - 12. What is the units digit of q?
2
Let z(m) = m**2 + m. What is the tens digit of z(3)?
1
Let v(h) = 9*h**2 - 4*h - 3. What is the units digit of v(-2)?
1
Suppose 4*i - 40 = -i. Suppose -5*a + 2*w - 5*w + 31 = 0, -4*w + i = 0. Let y(z) = -z + 11. What is the units digit of y(a)?
6
Suppose -3*r + 2*m = 4*m - 11, 2*r + 6 = 2*m. What is the units digit of 2/(-5)*r*-15?
6
Let i(w) = w**2 - 3*w + 3. Let r be i(3). Let c(y) = 6*y + 4*y**3 - 6*y**2 - r*y**3 + 0*y**3 - 4. What is the units digit of c(5)?
1
Suppose -528 = 106*k - 108*k. What is the tens digit of k?
6
Suppose -33 = -5*d - 13. Suppose -r - 3*u + 58 = 0, -2*u + u = -d. Suppose r = 2*f + 14. What is the units digit of f?
6
Let b = 7 - 4. Suppose 0 = -0*n + 5*n - 10. What is the units digit of 50/15 + n/b?
4
What is the tens digit of ((-6)/(-8) + -4)/((-1)/4)?
1
Suppose 4*k - 1334 + 186 = 0. What is the hundreds digit of k?
2
Let q = -8 - -7. What is the units digit of q/(((-2)/(-3))/(-2))?
3
Suppose -2*y + r = -y - 25, -5*r - 53 = -2*y. What is the tens digit of y?
2
Suppose -k - 80 = -260. What is the units digit of k?
0
Let k(m) = -2*m**2 - 45*m + 22. Let s be k(-23). Let i = 149 + -213. What is the units digit of i/(-20) + s/5?
3
Let a(b) = -4*b**3 + 2*b**2 + 2*b + 3. Let x be a(-2). Let p = 44 - 41. Suppose 0 = -0*r + p*r - x. What is the units digit of r?
3
Suppose -3*x = -4*g + 2*g - 43, 5*x + 4*g = 35. Let r(s) = 2*s + 3. Let a(d) = -3*d - 1. Let u(l) = -3*a(l) - 4*r(l). What is the units digit of u(x)?
2
Suppose 0*b + 2*b = -32. What is the units digit of -1 - -3*b/(-6)?
7
Let z(o) = -o + 14. What is the units digit of z(7)?
7
Suppose 2*w = -9 + 155. What is the tens digit of w?
7
Let c be 6/9 + 8/6. Suppose 2*w - 104 = -c*w. What is the units digit of w?
6
Let w(d) = -d**3 + 10*d**2 - 11*d + 15. What is the tens digit of w(6)?
9
Suppose -3*t + 9 = -3. What is the units digit of 2/t - 7/(-2)?
4
Let l = -59 - -98. What is the units digit of l?
9
Let b(f) = -f**3 + f + f + 5*f**2 - 2*f**2 + 5*f**2 + 6. What is the units digit of b(8)?
2
Let l = -3 + 5. Let j be (0 - 0 - 10) + l. What is the units digit of 1 - 0 - (-1 + j)?
0
Suppose -r = -2 - 0. Suppose -3*m - 8 = -r*p, -3*m - 2 + 6 = p. Suppose m = 2*z - 6*z + 24. What is the units digit of z?
6
Suppose 3*f + 3*u = -7 + 19, -2*u - 6 = 0. What is the units digit of f?
7
Let d be (-73)/(-15) + 8/60. Suppose -5 = -5*f, v - 3*v + d*f = -41. What is the tens digit of v?
2
Suppose 0*z = -5*z - 25, n - 3*z = 19. What is the units digit of (n/(-5))/((-30)/225)?
6
Let p(b) = -b**3 - 2*b**2 + 3*b + 3. Let h be p(-3). Suppose -26 - 13 = -h*x. What is the tens digit of x?
1
Let t(k) = -k - 1. What is the units digit of t(-2)?
1
Let y(r) = r**2 - 7*r - 19. What is the units digit of y(10)?
1
Let y(a) = -a**2 - 3*a + a**2 - 3 + 3*a**2. What is the tens digit of y(3)?
1
What is the units digit of -9 + 5 + 43*1?
9
Suppose 0 = -5*s + 18 - 68. Let i = 17 - s. What is the tens digit of i?
2
Let q(i) = i - 5. Suppose -2*w - 2*f = -8, f + 3 = 4*w - 3. Suppose w*z = -2*z + 24. What is the units digit of q(z)?
1
Let o(c) = 3*c + 2. Let r = -8 - -4. Let l be o(r). Let y = l - -20. What is the tens digit of y?
1
Suppose -3*g = -6*g + c + 17, -g - 3*c + 9 = 0. What is the units digit of g?
6
Let p(w) be the third derivative of w**7/5040 + w**6/360 + w**5/60 - 2*w**2. Let b(a) be the third derivative of p(a). What is the units digit of b(5)?
7
Let w(j) = 2*j**2 + 10*j + 6. Suppose -2*c - 11 = 2*o + 3, -2*c - 11 = -o. What is the tens digit of w(c)?
1
Let w be 2/(-6) - 78/(-18). Suppose -w = -i - 1. Suppose i*r - 31 = -13. What is the units digit of r?
6
Let z(v) = v**2 - v + 1. Let q = 3 + 0. Suppose 2*t = -b + 6, 2*b - 3*b - q*t + 9 = 0. What is the units digit of z(b)?
1
Suppose -16 = -5*w + 3*m, 4*w - 18 = -0*m + 5*m. Let p = w - 3. What is the units digit of 10*(9/6 + p)?
5
Suppose 10 - 4 = 3*z. Suppose -z*o = 2*o - 84. What is the tens digit of o?
2
Let u = -61 - -107. What is the tens digit of u?
4
Suppose 0 = -5*p - 2*p + 392. What is the units digit of p?
6
What is the units digit of (-3 + (3 - 2))*-13?
6
Suppose 3*q + 36 = 9. Let s(k) = -9*k - 11*k**3 - 5*k**2 + 10*k**3 + 9 - 5*k**2. What is the units digit of s(q)?
9
Suppose 18 = 4*w - 6. Let h(l) = -l**3 + 5*l**2 + 8*l - 7. Let o be h(w). Suppose o*n - 2*i = 16, n + i - 14 = -4*i. What is the units digit of n?
4
Suppose -5*a = -0*a + 25. Let j(b) = 7 - 5*b - b**2 + 0*b - 1. What is the units digit of j(a)?
6
Let f(x) = -x**3 + 3*x + 3. Let w be f(-2). Suppose -19 = -2*u + w*v, 0*u + 3*u + 5*v - 41 = 0. Let k = u + -7. What is the units digit of k?
5
Suppose -h = -k + 2*k - 114, 0 = 3*k + h - 344. What is the tens digit of k?
1
Let a = 4 - 5. What is the tens digit of (a/1)/(-1) + 14?
1
Let j(x) = -x**2 - 6*x + 3. Let v be j(-6). Let f be 1/v - 25/3. Let s(t) = t**3 + 9*t**2 + 6*t - 7. What is the units digit of s(f)?
9
Let y be 1 + (-2)/4*-12. Let l = -1 + y. Suppose -5*k + 5*f + 14 + l = 0, 0 = -5*k + 4*f + 17. What is the units digit of k?
1
Suppose -2*o - 10 = -5*y, -2*y = 2*y + 4*o - 8. Let m be 6/12 + 59/y. Suppose 0*t + 3*g - 21 = -2*t, -t = -5*g - m. What is the tens digit of t?
1
Let c(o) = o**2 - 2*o + 1. Let u be c(1). Suppose -k + 0*k + 1 = u. Suppose -2*h = -k - 1. What is the units digit of h?
1
Suppose -c = k + 52, 0 = -2*c + 7*c - 3*k + 260. What is the units digit of 2/9 - c/9?
6
Let n(s) = s**3 - 4*s**2 - 3*s - 7. Let y be n(5). Suppose -4*p = -y*k + 20, -k - p = -3*k + 15. Let i = 14 - k. What is the units digit of i?
6
What is the tens digit of 1*(-7)/((-7)/40)?
4
Let q = 19 + -25. Let d(u) = -u**3 - u**2 + 5*u. Let s be d(-4). Let h = s + q. What is the tens digit of h?
2
Suppose -5*k - 15 = -d, 30 = -k + 5*d + 3. What is the units digit of (k - -2 - 0) + 9?
9
Suppose t = -4*m + 4*t + 674, -3*m + t = -503. What is the hundreds digit of m?
1
Suppose -5*m = -3*s - 2*m + 63, 3*s + 2*m - 73 = 0. What is the units digit of s?
3
Suppose k = -2*r + 357, k = -k - 3*r + 712. Let u = 513 - k. What is the units digit of u/28 + 4/14?
6
Let z(s) = 11 + 2*s + 2*s - 3*s + 4. Let c be 2*(2 - 1)*-4. What is the units digit of z(c)?
7
Let b be (1 + 0)/(2 - 3). Let t be -2*(-61)/14 + 46/161. Let x = t - b. What is the tens digit of x?
1
Let s(q) = 3*q**3 - 5*q**2 - 2*q - 25. What is the hundreds digit of s(5)?
2
Let s be (-7)/((-7)/(-15))*-1. What is the tens digit of 355/s + (-2)/(-6)?
2
Let x(l) = l**3 - 14*l**2 + 4*l + 37. What is the hundreds digit of x(15)?
3
Let z(w) = w**2 - 1. Suppose 16 = 3*k - 8. Suppose -8*s + 4*s + k = 0. What is the units digit of z(s)?
3
Let x = -5 + 3. Let b(h) = -h**3 + 6*h**2 + 3*h - 3. Let w be b(6). What is the units digit of x/(-5)*(w - 0)?
6
Let t(j) be the first derivative of j**3/3 + 5*j**2/2 - j + 2. Let k be t(-4). Let c = k - -13. What is the units digit of c?
8
Suppose -40 = 3*m - s, 2*m - m - s = -14. Let o = m + 21. What is the units digit of -8*((-2)/o - 1)?
0
Let a = -12 + 17. Suppose -a*r = -d + 4, 3*d - 24 = 2*r + r. Suppose -36 = -3*z - d. What is the units digit of z?
9
Let z(u) = -43*u - 37. What is the hundreds digit of z(-5)?
1
Suppose 20 + 16 = -4*n. Let g = n - -14. What is the units digit of g?
5
Suppose -p = -5*p + 20. Let n(o) = o**3 - 3*o**2 - 6*o - 6. What is the tens digit of n(p)?
1
Let r(h) = 5*h**3 - h**2 - 2*h + 1. What is the units digit of r(2)?
3
Let w(z) = -10*z**3 + z**2 + z + 1. Let x be w(-1). Suppose r + 3*r = -4*v + 72, 96 = 5*r + 2*v. Let i = r - x. What is the units digit of i?
9
What is the units digit of 2/(-10) + 3091/55?
6
Suppose 0 = -0*i + i. Suppose 5*q + 1 + 5 = z, i = -5*z + q + 78. What is the tens digit of z?
1
Let l(y) = -7*y**3 + 3*y**2 - 2*y - 7. What is the units digit of l(-3)?
5
Suppose 2*z + 4*o = -z - 4, z = -2*o - 2. Let b be (z + 1)*12/2. Suppose 31 = w + 5*p, -b*w + 2*w + 44 